{"id":684,"date":"2021-01-06T14:25:33","date_gmt":"2021-01-06T14:25:33","guid":{"rendered":"https:\/\/melonandthecrew.com\/?page_id=684"},"modified":"2023-05-23T12:06:52","modified_gmt":"2023-05-23T12:06:52","slug":"https-melonandthecrew-com-entoshopch","status":"publish","type":"page","link":"https:\/\/melonandthecrew.com\/index.php\/https-melonandthecrew-com-entoshopch\/","title":{"rendered":"ENTOSHO.CH"},"content":{"rendered":"\n<div id=\"wp-block-themeisle-blocks-advanced-columns-3911ee9f\" class=\"wp-block-themeisle-blocks-advanced-columns alignfull has-2-columns has-desktop-equal-layout has-tablet-collapsedRows-layout has-mobile-collapsedRows-layout has-vertical-center has-light-bg\"><div class=\"wp-block-themeisle-blocks-advanced-columns-overlay\"><\/div><div class=\"innerblocks-wrap\">\n<div id=\"wp-block-themeisle-blocks-advanced-column-fa091b11\" class=\"wp-block-themeisle-blocks-advanced-column\"><div class=\"wp-block-image is-style-default\">\n<figure class=\"aligncenter size-large is-resized\"><img decoding=\"async\" loading=\"lazy\" src=\"https:\/\/melonandthecrew.com\/wp-content\/uploads\/2021\/02\/EntoShop.ch_Logo_2020_neu-klein-01-1024x1024.png\" alt=\"\" class=\"wp-image-710\" width=\"452\" height=\"452\" srcset=\"https:\/\/melonandthecrew.com\/wp-content\/uploads\/2021\/02\/EntoShop.ch_Logo_2020_neu-klein-01-1024x1024.png 1024w, https:\/\/melonandthecrew.com\/wp-content\/uploads\/2021\/02\/EntoShop.ch_Logo_2020_neu-klein-01-300x300.png 300w, https:\/\/melonandthecrew.com\/wp-content\/uploads\/2021\/02\/EntoShop.ch_Logo_2020_neu-klein-01-150x150.png 150w, https:\/\/melonandthecrew.com\/wp-content\/uploads\/2021\/02\/EntoShop.ch_Logo_2020_neu-klein-01-768x767.png 768w, https:\/\/melonandthecrew.com\/wp-content\/uploads\/2021\/02\/EntoShop.ch_Logo_2020_neu-klein-01.png 1419w\" sizes=\"(max-width: 452px) 100vw, 452px\" \/><\/figure><\/div><\/div>\n\n\n\n<div id=\"wp-block-themeisle-blocks-advanced-column-13d6a415\" class=\"wp-block-themeisle-blocks-advanced-column ticss-44eccd86\">\n<p>entoshop.ch &#8211; Ein neu lancierter Webshop, der wissenschaftliche Utensilien f\u00fcr Entomologen (Insektenforscher) verkauft, ben\u00f6tigte ein Logo. Gem\u00e4ss Vorgabe musste das Logo ein Insekt zeigen, eine Pr\u00e4pariernadel sowie die URL des Shops. <\/p>\n\n\n\n<p>Der Kunde \u00e4usserte ausserdem den Wunsch nach einem Logo mit nur dezenten Farbakzenten.Um das Risiko von Produktverwechslungen zu minimieren, sollte das Hauptlogo im Sinne eines Co-Brandings durch Varianten mit unterschiedlichen Insekten erg\u00e4nzt werden.<\/p>\n\n\n\n<div class=\"wp-block-button is-style-fill\"><a class=\"wp-block-button__link has-nv-text-dark-bg-color has-text-color has-background wp-element-button\" href=\"https:\/\/entoshop.ch\/de\/\" style=\"background-color:#80cef0\" target=\"_blank\" rel=\"noreferrer noopener\">Webseite besuchen<\/a><\/div>\n<\/div>\n<\/div><\/div>\n\n\n<div class=\"wp-block-image\">\n<figure class=\"aligncenter size-large\"><img decoding=\"async\" loading=\"lazy\" width=\"1024\" height=\"683\" src=\"https:\/\/melonandthecrew.com\/wp-content\/uploads\/2021\/04\/Entoshop-Inserat-2021-Entomo-Helvetica-Mockup-2-1024x683.png\" alt=\"\" class=\"wp-image-851\" srcset=\"https:\/\/melonandthecrew.com\/wp-content\/uploads\/2021\/04\/Entoshop-Inserat-2021-Entomo-Helvetica-Mockup-2-1024x683.png 1024w, https:\/\/melonandthecrew.com\/wp-content\/uploads\/2021\/04\/Entoshop-Inserat-2021-Entomo-Helvetica-Mockup-2-300x200.png 300w, https:\/\/melonandthecrew.com\/wp-content\/uploads\/2021\/04\/Entoshop-Inserat-2021-Entomo-Helvetica-Mockup-2-768x512.png 768w, https:\/\/melonandthecrew.com\/wp-content\/uploads\/2021\/04\/Entoshop-Inserat-2021-Entomo-Helvetica-Mockup-2-1536x1024.png 1536w, https:\/\/melonandthecrew.com\/wp-content\/uploads\/2021\/04\/Entoshop-Inserat-2021-Entomo-Helvetica-Mockup-2-2048x1365.png 2048w, https:\/\/melonandthecrew.com\/wp-content\/uploads\/2021\/04\/Entoshop-Inserat-2021-Entomo-Helvetica-Mockup-2-930x620.png 930w\" sizes=\"(max-width: 1024px) 100vw, 1024px\" \/><\/figure><\/div>\n\n\n<div style=\"height:100px\" aria-hidden=\"true\" class=\"wp-block-spacer\"><\/div>\n\n\n\n<div id=\"wp-block-themeisle-blocks-advanced-columns-aac7cd42\" class=\"wp-block-themeisle-blocks-advanced-columns has-2-columns has-desktop-equal-layout has-tablet-equal-layout has-mobile-collapsedRows-layout has-vertical-unset has-default-gap\"><div class=\"wp-block-themeisle-blocks-advanced-columns-overlay\"><\/div><div class=\"innerblocks-wrap\">\n<div id=\"wp-block-themeisle-blocks-advanced-column-c985048e\" class=\"wp-block-themeisle-blocks-advanced-column\"><div class=\"wp-block-image\">\n<figure class=\"aligncenter size-large\"><img decoding=\"async\" loading=\"lazy\" width=\"1024\" height=\"683\" src=\"https:\/\/melonandthecrew.com\/wp-content\/uploads\/2021\/02\/T-Shirt_Entwu\u0308rfe_Entoshop_2020_01-1-1024x683.png\" alt=\"\" class=\"wp-image-714\" srcset=\"https:\/\/melonandthecrew.com\/wp-content\/uploads\/2021\/02\/T-Shirt_Entwu\u0308rfe_Entoshop_2020_01-1-1024x683.png 1024w, https:\/\/melonandthecrew.com\/wp-content\/uploads\/2021\/02\/T-Shirt_Entwu\u0308rfe_Entoshop_2020_01-1-300x200.png 300w, https:\/\/melonandthecrew.com\/wp-content\/uploads\/2021\/02\/T-Shirt_Entwu\u0308rfe_Entoshop_2020_01-1-768x512.png 768w, https:\/\/melonandthecrew.com\/wp-content\/uploads\/2021\/02\/T-Shirt_Entwu\u0308rfe_Entoshop_2020_01-1-1536x1024.png 1536w, https:\/\/melonandthecrew.com\/wp-content\/uploads\/2021\/02\/T-Shirt_Entwu\u0308rfe_Entoshop_2020_01-1-2048x1365.png 2048w, https:\/\/melonandthecrew.com\/wp-content\/uploads\/2021\/02\/T-Shirt_Entwu\u0308rfe_Entoshop_2020_01-1-930x620.png 930w\" sizes=\"(max-width: 1024px) 100vw, 1024px\" \/><\/figure><\/div><\/div>\n\n\n\n<div id=\"wp-block-themeisle-blocks-advanced-column-f2aacc22\" class=\"wp-block-themeisle-blocks-advanced-column\"><div class=\"wp-block-image\">\n<figure class=\"aligncenter size-large\"><img decoding=\"async\" loading=\"lazy\" width=\"790\" height=\"570\" src=\"https:\/\/melonandthecrew.com\/wp-content\/uploads\/2021\/02\/unisex-hoodie-i-like-evolution-2.jpg\" alt=\"\" class=\"wp-image-712\" srcset=\"https:\/\/melonandthecrew.com\/wp-content\/uploads\/2021\/02\/unisex-hoodie-i-like-evolution-2.jpg 790w, https:\/\/melonandthecrew.com\/wp-content\/uploads\/2021\/02\/unisex-hoodie-i-like-evolution-2-300x216.jpg 300w, https:\/\/melonandthecrew.com\/wp-content\/uploads\/2021\/02\/unisex-hoodie-i-like-evolution-2-768x554.jpg 768w\" sizes=\"(max-width: 790px) 100vw, 790px\" \/><\/figure><\/div><\/div>\n<\/div><\/div>\n\n\n\n<div style=\"height:100px\" aria-hidden=\"true\" class=\"wp-block-spacer\"><\/div>\n\n\n\n<figure class=\"wp-block-gallery aligncenter has-nested-images columns-default is-cropped wp-block-gallery-1 is-layout-flex\">\n<figure class=\"wp-block-image size-large\"><img decoding=\"async\" loading=\"lazy\" width=\"1024\" height=\"746\" data-id=\"688\"  src=\"https:\/\/melonandthecrew.com\/wp-content\/uploads\/2021\/01\/Entoshop_Package-Etikette-1024x746.png\" alt=\"\" class=\"wp-image-688\" srcset=\"https:\/\/melonandthecrew.com\/wp-content\/uploads\/2021\/01\/Entoshop_Package-Etikette-1024x746.png 1024w, https:\/\/melonandthecrew.com\/wp-content\/uploads\/2021\/01\/Entoshop_Package-Etikette-300x219.png 300w, https:\/\/melonandthecrew.com\/wp-content\/uploads\/2021\/01\/Entoshop_Package-Etikette-768x560.png 768w, https:\/\/melonandthecrew.com\/wp-content\/uploads\/2021\/01\/Entoshop_Package-Etikette-1536x1120.png 1536w, https:\/\/melonandthecrew.com\/wp-content\/uploads\/2021\/01\/Entoshop_Package-Etikette-2048x1493.png 2048w\" sizes=\"(max-width: 1024px) 100vw, 1024px\" \/><\/figure>\n<\/figure>\n\n\n\n<div style=\"height:100px\" aria-hidden=\"true\" class=\"wp-block-spacer\"><\/div>\n\n\n\n<div id=\"wp-block-themeisle-blocks-advanced-columns-f4a68d83\" class=\"wp-block-themeisle-blocks-advanced-columns alignfull has-1-columns has-desktop-equal-layout has-tablet-equal-layout has-mobile-equal-layout has-vertical-center has-dark-bg\"><div class=\"wp-block-themeisle-blocks-advanced-columns-overlay\"><\/div><div class=\"innerblocks-wrap\">\n<div id=\"wp-block-themeisle-blocks-advanced-column-16c8e389\" class=\"wp-block-themeisle-blocks-advanced-column\">\n<h2 class=\"wp-block-heading has-text-align-center has-white-color has-text-color\">REALISIEREN WIR GEMEINSAM IHR N\u00c4CHSTES PROJEKT. <\/h2>\n\n\n\n<div id=\"wp-block-themeisle-blocks-button-group-f4cfaa7f\" class=\"wp-block-themeisle-blocks-button-group collapse-mobile wp-block-buttons align-center\">\n<div id=\"wp-block-themeisle-blocks-button-2f93f5ec\" class=\"wp-block-themeisle-blocks-button wp-block-button\"><a href=\"https:\/\/melonandthecrew.com\/index.php\/kontakt\/\" target=\"_self\" rel=\"noopener noreferrer\" class=\"wp-block-button__link\"><span>hello melon<\/span><\/a><\/div>\n<\/div>\n<\/div>\n<\/div><\/div>\n","protected":false},"excerpt":{"rendered":"","protected":false},"author":1,"featured_media":0,"parent":0,"menu_order":0,"comment_status":"closed","ping_status":"closed","template":"","meta":{"neve_meta_sidebar":"full-width","neve_meta_container":"","neve_meta_enable_content_width":"on","neve_meta_content_width":100,"neve_meta_title_alignment":"","neve_meta_author_avatar":"","neve_post_elements_order":"","neve_meta_disable_header":"","neve_meta_disable_footer":"","neve_meta_disable_title":"","_themeisle_gutenberg_block_has_review":false},"_links":{"self":[{"href":"https:\/\/melonandthecrew.com\/index.php\/wp-json\/wp\/v2\/pages\/684"}],"collection":[{"href":"https:\/\/melonandthecrew.com\/index.php\/wp-json\/wp\/v2\/pages"}],"about":[{"href":"https:\/\/melonandthecrew.com\/index.php\/wp-json\/wp\/v2\/types\/page"}],"author":[{"embeddable":true,"href":"https:\/\/melonandthecrew.com\/index.php\/wp-json\/wp\/v2\/users\/1"}],"replies":[{"embeddable":true,"href":"https:\/\/melonandthecrew.com\/index.php\/wp-json\/wp\/v2\/comments?post=684"}],"version-history":[{"count":20,"href":"https:\/\/melonandthecrew.com\/index.php\/wp-json\/wp\/v2\/pages\/684\/revisions"}],"predecessor-version":[{"id":1862,"href":"https:\/\/melonandthecrew.com\/index.php\/wp-json\/wp\/v2\/pages\/684\/revisions\/1862"}],"wp:attachment":[{"href":"https:\/\/melonandthecrew.com\/index.php\/wp-json\/wp\/v2\/media?parent=684"}],"curies":[{"name":"wp","href":"https:\/\/api.w.org\/{rel}","templated":true}]}}