{"id":696,"date":"2021-02-04T09:19:31","date_gmt":"2021-02-04T09:19:31","guid":{"rendered":"https:\/\/melonandthecrew.com\/?page_id=696"},"modified":"2023-05-23T12:08:09","modified_gmt":"2023-05-23T12:08:09","slug":"ig-wilde-biene","status":"publish","type":"page","link":"https:\/\/melonandthecrew.com\/index.php\/ig-wilde-biene\/","title":{"rendered":"IG WILDE BIENE"},"content":{"rendered":"\n<div id=\"wp-block-themeisle-blocks-advanced-columns-3911ee9f\" class=\"wp-block-themeisle-blocks-advanced-columns alignfull has-2-columns has-desktop-equal-layout has-tablet-collapsedRows-layout has-mobile-collapsedRows-layout has-vertical-center has-light-bg\"><div class=\"wp-block-themeisle-blocks-advanced-columns-overlay\"><\/div><div class=\"innerblocks-wrap\">\n<div id=\"wp-block-themeisle-blocks-advanced-column-fa091b11\" class=\"wp-block-themeisle-blocks-advanced-column\">\n<figure class=\"wp-block-image size-large is-style-default\"><img decoding=\"async\" loading=\"lazy\" width=\"1024\" height=\"453\" src=\"https:\/\/melonandthecrew.com\/wp-content\/uploads\/2021\/02\/Logo_Wildebiene_HG-Weiss-1024x453.png\" alt=\"\" class=\"wp-image-702\" srcset=\"https:\/\/melonandthecrew.com\/wp-content\/uploads\/2021\/02\/Logo_Wildebiene_HG-Weiss-1024x453.png 1024w, https:\/\/melonandthecrew.com\/wp-content\/uploads\/2021\/02\/Logo_Wildebiene_HG-Weiss-300x133.png 300w, https:\/\/melonandthecrew.com\/wp-content\/uploads\/2021\/02\/Logo_Wildebiene_HG-Weiss-768x340.png 768w, https:\/\/melonandthecrew.com\/wp-content\/uploads\/2021\/02\/Logo_Wildebiene_HG-Weiss-1536x680.png 1536w, https:\/\/melonandthecrew.com\/wp-content\/uploads\/2021\/02\/Logo_Wildebiene_HG-Weiss-2048x907.png 2048w\" sizes=\"(max-width: 1024px) 100vw, 1024px\" \/><\/figure>\n<\/div>\n\n\n\n<div id=\"wp-block-themeisle-blocks-advanced-column-13d6a415\" class=\"wp-block-themeisle-blocks-advanced-column ticss-44eccd86\">\n<p>Die &#171;Interessengemeinschaft Wilde Biene&#187; ist ein gemeinn\u00fctziger Verein, der sich um den Schutz einheimischer Wildbienen k\u00fcmmert. <\/p>\n\n\n\n<p>Da diese durch eine massive \u00dcberpopulation an Imker-Honigbienen zus\u00e4tzlich gef\u00e4hrdet sind, sollte die Biene ausdr\u00fccklich nicht wie eine Honigbiene aussehen. Das Tier im Logo wurde daher einer spezifischen Wildbienen-Art nachempfunden, deren Anatomie stark von jener der Honigbiene abweicht. <\/p>\n\n\n\n<p>Dem Kundenwunsch entsprechend wird die Wildbiene stilisiert und in schwarz\/weiss dargestellt. Das Logo soll auch f\u00fcr Merchandising-Zwecke verwendet werden k\u00f6nnen.<\/p>\n\n\n\n<div class=\"wp-block-button is-style-fill\"><a class=\"wp-block-button__link has-nv-text-dark-bg-color has-text-color has-background wp-element-button\" href=\"https:\/\/igwildebiene.ch\/\" style=\"background-color:#80cef0\" target=\"_blank\" rel=\"noreferrer noopener\">Webseite besuchen<\/a><\/div>\n<\/div>\n<\/div><\/div>\n\n\n<div class=\"wp-block-image\">\n<figure class=\"aligncenter size-large\"><img decoding=\"async\" loading=\"lazy\" width=\"1024\" height=\"819\" src=\"https:\/\/melonandthecrew.com\/wp-content\/uploads\/2022\/07\/Standort_Stand-Schilder_dll_Mockup-1024x819.png\" alt=\"\" class=\"wp-image-1062\" srcset=\"https:\/\/melonandthecrew.com\/wp-content\/uploads\/2022\/07\/Standort_Stand-Schilder_dll_Mockup-1024x819.png 1024w, https:\/\/melonandthecrew.com\/wp-content\/uploads\/2022\/07\/Standort_Stand-Schilder_dll_Mockup-300x240.png 300w, https:\/\/melonandthecrew.com\/wp-content\/uploads\/2022\/07\/Standort_Stand-Schilder_dll_Mockup-768x614.png 768w, https:\/\/melonandthecrew.com\/wp-content\/uploads\/2022\/07\/Standort_Stand-Schilder_dll_Mockup-1536x1229.png 1536w, https:\/\/melonandthecrew.com\/wp-content\/uploads\/2022\/07\/Standort_Stand-Schilder_dll_Mockup.png 2000w\" sizes=\"(max-width: 1024px) 100vw, 1024px\" \/><\/figure><\/div>\n\n\n<div style=\"height:100px\" aria-hidden=\"true\" class=\"wp-block-spacer\"><\/div>\n\n\n<div class=\"wp-block-image\">\n<figure class=\"aligncenter size-large\"><img decoding=\"async\" loading=\"lazy\" width=\"1024\" height=\"683\" src=\"https:\/\/melonandthecrew.com\/wp-content\/uploads\/2022\/07\/Flyer-Serie-IG-Wilde-Biene-1024x683.png\" alt=\"\" class=\"wp-image-1063\" srcset=\"https:\/\/melonandthecrew.com\/wp-content\/uploads\/2022\/07\/Flyer-Serie-IG-Wilde-Biene-1024x683.png 1024w, https:\/\/melonandthecrew.com\/wp-content\/uploads\/2022\/07\/Flyer-Serie-IG-Wilde-Biene-300x200.png 300w, https:\/\/melonandthecrew.com\/wp-content\/uploads\/2022\/07\/Flyer-Serie-IG-Wilde-Biene-768x512.png 768w, https:\/\/melonandthecrew.com\/wp-content\/uploads\/2022\/07\/Flyer-Serie-IG-Wilde-Biene-1536x1024.png 1536w, https:\/\/melonandthecrew.com\/wp-content\/uploads\/2022\/07\/Flyer-Serie-IG-Wilde-Biene-930x620.png 930w, https:\/\/melonandthecrew.com\/wp-content\/uploads\/2022\/07\/Flyer-Serie-IG-Wilde-Biene.png 1800w\" sizes=\"(max-width: 1024px) 100vw, 1024px\" \/><\/figure><\/div>\n\n\n<div style=\"height:100px\" aria-hidden=\"true\" class=\"wp-block-spacer\"><\/div>\n\n\n\n<div id=\"wp-block-themeisle-blocks-advanced-columns-47592fa2\" class=\"wp-block-themeisle-blocks-advanced-columns has-2-columns has-desktop-equal-layout has-tablet-equal-layout has-mobile-collapsedRows-layout has-vertical-unset has-default-gap\"><div class=\"wp-block-themeisle-blocks-advanced-columns-overlay\"><\/div><div class=\"innerblocks-wrap\">\n<div id=\"wp-block-themeisle-blocks-advanced-column-365f4a24\" class=\"wp-block-themeisle-blocks-advanced-column\"><div class=\"wp-block-image\">\n<figure class=\"aligncenter size-large is-resized\"><img decoding=\"async\" loading=\"lazy\" src=\"https:\/\/melonandthecrew.com\/wp-content\/uploads\/2022\/08\/IG-wilde-Biene-Postkarte-1024x683.png\" alt=\"\" class=\"wp-image-1170\" width=\"506\" height=\"337\" srcset=\"https:\/\/melonandthecrew.com\/wp-content\/uploads\/2022\/08\/IG-wilde-Biene-Postkarte-1024x683.png 1024w, https:\/\/melonandthecrew.com\/wp-content\/uploads\/2022\/08\/IG-wilde-Biene-Postkarte-300x200.png 300w, https:\/\/melonandthecrew.com\/wp-content\/uploads\/2022\/08\/IG-wilde-Biene-Postkarte-768x512.png 768w, https:\/\/melonandthecrew.com\/wp-content\/uploads\/2022\/08\/IG-wilde-Biene-Postkarte-1536x1024.png 1536w, https:\/\/melonandthecrew.com\/wp-content\/uploads\/2022\/08\/IG-wilde-Biene-Postkarte-2048x1366.png 2048w, https:\/\/melonandthecrew.com\/wp-content\/uploads\/2022\/08\/IG-wilde-Biene-Postkarte-930x620.png 930w\" sizes=\"(max-width: 506px) 100vw, 506px\" \/><\/figure><\/div><\/div>\n\n\n\n<div id=\"wp-block-themeisle-blocks-advanced-column-dd8ae90f\" class=\"wp-block-themeisle-blocks-advanced-column\"><div class=\"wp-block-image\">\n<figure class=\"aligncenter size-large is-resized\"><img decoding=\"async\" loading=\"lazy\" src=\"https:\/\/melonandthecrew.com\/wp-content\/uploads\/2022\/08\/Beefinder-Logo-Website-Melon_mockup-1024x632.png\" alt=\"\" class=\"wp-image-1167\" width=\"549\" height=\"339\" srcset=\"https:\/\/melonandthecrew.com\/wp-content\/uploads\/2022\/08\/Beefinder-Logo-Website-Melon_mockup-1024x632.png 1024w, https:\/\/melonandthecrew.com\/wp-content\/uploads\/2022\/08\/Beefinder-Logo-Website-Melon_mockup-300x185.png 300w, https:\/\/melonandthecrew.com\/wp-content\/uploads\/2022\/08\/Beefinder-Logo-Website-Melon_mockup-768x474.png 768w, https:\/\/melonandthecrew.com\/wp-content\/uploads\/2022\/08\/Beefinder-Logo-Website-Melon_mockup-1536x948.png 1536w, https:\/\/melonandthecrew.com\/wp-content\/uploads\/2022\/08\/Beefinder-Logo-Website-Melon_mockup-2048x1265.png 2048w\" sizes=\"(max-width: 549px) 100vw, 549px\" \/><\/figure><\/div><\/div>\n<\/div><\/div>\n\n\n\n<div style=\"height:100px\" aria-hidden=\"true\" class=\"wp-block-spacer\"><\/div>\n\n\n\n<div id=\"wp-block-themeisle-blocks-advanced-columns-f4a68d83\" class=\"wp-block-themeisle-blocks-advanced-columns alignfull has-1-columns has-desktop-equal-layout has-tablet-equal-layout has-mobile-equal-layout has-vertical-center has-dark-bg\"><div class=\"wp-block-themeisle-blocks-advanced-columns-overlay\"><\/div><div class=\"innerblocks-wrap\">\n<div id=\"wp-block-themeisle-blocks-advanced-column-16c8e389\" class=\"wp-block-themeisle-blocks-advanced-column\">\n<h2 class=\"wp-block-heading has-text-align-center has-white-color has-text-color\">REALISIEREN WIR GEMEINSAM DEIN N\u00c4CHSTES PROJEKT. <\/h2>\n\n\n\n<div id=\"wp-block-themeisle-blocks-button-group-f4cfaa7f\" class=\"wp-block-themeisle-blocks-button-group collapse-mobile wp-block-buttons align-center\">\n<div id=\"wp-block-themeisle-blocks-button-2f93f5ec\" class=\"wp-block-themeisle-blocks-button wp-block-button\"><a href=\"https:\/\/melonandthecrew.com\/index.php\/kontakt\/\" target=\"_self\" rel=\"noopener noreferrer\" class=\"wp-block-button__link\"><span>hello melon<\/span><\/a><\/div>\n<\/div>\n<\/div>\n<\/div><\/div>\n","protected":false},"excerpt":{"rendered":"","protected":false},"author":1,"featured_media":0,"parent":0,"menu_order":0,"comment_status":"closed","ping_status":"closed","template":"","meta":{"neve_meta_sidebar":"full-width","neve_meta_container":"","neve_meta_enable_content_width":"on","neve_meta_content_width":100,"neve_meta_title_alignment":"","neve_meta_author_avatar":"","neve_post_elements_order":"","neve_meta_disable_header":"","neve_meta_disable_footer":"","neve_meta_disable_title":"","_themeisle_gutenberg_block_has_review":false},"_links":{"self":[{"href":"https:\/\/melonandthecrew.com\/index.php\/wp-json\/wp\/v2\/pages\/696"}],"collection":[{"href":"https:\/\/melonandthecrew.com\/index.php\/wp-json\/wp\/v2\/pages"}],"about":[{"href":"https:\/\/melonandthecrew.com\/index.php\/wp-json\/wp\/v2\/types\/page"}],"author":[{"embeddable":true,"href":"https:\/\/melonandthecrew.com\/index.php\/wp-json\/wp\/v2\/users\/1"}],"replies":[{"embeddable":true,"href":"https:\/\/melonandthecrew.com\/index.php\/wp-json\/wp\/v2\/comments?post=696"}],"version-history":[{"count":27,"href":"https:\/\/melonandthecrew.com\/index.php\/wp-json\/wp\/v2\/pages\/696\/revisions"}],"predecessor-version":[{"id":1865,"href":"https:\/\/melonandthecrew.com\/index.php\/wp-json\/wp\/v2\/pages\/696\/revisions\/1865"}],"wp:attachment":[{"href":"https:\/\/melonandthecrew.com\/index.php\/wp-json\/wp\/v2\/media?parent=696"}],"curies":[{"name":"wp","href":"https:\/\/api.w.org\/{rel}","templated":true}]}}